{"id":240,"date":"2017-10-17T06:16:31","date_gmt":"2017-10-17T06:16:31","guid":{"rendered":"http:\/\/www.baires.org\/contact-us\/"},"modified":"2017-10-17T06:16:31","modified_gmt":"2017-10-17T06:16:31","slug":"contact-us","status":"publish","type":"page","link":"http:\/\/www.baires.org\/?page_id=240","title":{"rendered":"Contacto"},"content":{"rendered":"<p>Tel: (011) 5365.5643<br \/>\nHorario de atenci\u00f3n telef\u00f3nica: lunes a viernes de 13 a 17 h.<br \/>\nCorreo electr\u00f3nico: <a href=\"mailto:info@baires.org\">info@baires.org<\/a><\/p>\n","protected":false},"excerpt":{"rendered":"<p>Tel: (011) 5365.5643 Horario de atenci\u00f3n telef\u00f3nica: lunes a viernes de 13 a 17 h. Correo electr\u00f3nico: info@baires.org<\/p>\n","protected":false},"author":1,"featured_media":0,"parent":0,"menu_order":0,"comment_status":"closed","ping_status":"closed","template":"","meta":{"footnotes":""},"class_list":["post-240","page","type-page","status-publish","hentry"],"_links":{"self":[{"href":"http:\/\/www.baires.org\/index.php?rest_route=\/wp\/v2\/pages\/240","targetHints":{"allow":["GET"]}}],"collection":[{"href":"http:\/\/www.baires.org\/index.php?rest_route=\/wp\/v2\/pages"}],"about":[{"href":"http:\/\/www.baires.org\/index.php?rest_route=\/wp\/v2\/types\/page"}],"author":[{"embeddable":true,"href":"http:\/\/www.baires.org\/index.php?rest_route=\/wp\/v2\/users\/1"}],"replies":[{"embeddable":true,"href":"http:\/\/www.baires.org\/index.php?rest_route=%2Fwp%2Fv2%2Fcomments&post=240"}],"version-history":[{"count":0,"href":"http:\/\/www.baires.org\/index.php?rest_route=\/wp\/v2\/pages\/240\/revisions"}],"wp:attachment":[{"href":"http:\/\/www.baires.org\/index.php?rest_route=%2Fwp%2Fv2%2Fmedia&parent=240"}],"curies":[{"name":"wp","href":"https:\/\/api.w.org\/{rel}","templated":true}]}}